{"id":3237,"date":"2021-01-16T20:27:46","date_gmt":"2021-01-16T19:27:46","guid":{"rendered":"https:\/\/arivederlestelle.org\/?post_type=event&#038;p=3237"},"modified":"2021-01-16T21:40:14","modified_gmt":"2021-01-16T20:40:14","slug":"la-crisi-in-grecia-un-esempio-per-litalia","status":"publish","type":"event","link":"https:\/\/arivederlestelle.org\/index.php\/event\/la-crisi-in-grecia-un-esempio-per-litalia\/","title":{"rendered":"La crisi in Grecia: un esempio per l&#8217;Italia?"},"content":{"rendered":"\n<p><strong>Entrata 10fr<\/strong>, direttamente al botteghino o online.<\/p>\n\n\n\n<p>A Riveder Le Stelle propone un evento in due parti per discutere della crisi economica e sociale in Grecia la sua possibile replica in Italia. Com\u2019\u00e8 avvenuta e com\u2019\u00e8 stata gestita?<\/p>\n\n\n\n<p><strong>Parte 1:<\/strong>&nbsp;Proiezione del documentario&nbsp;<strong>\u201cIl pi\u00f9 grande successo dell\u2019Euro\u201d<\/strong>&nbsp;(durata 1h10) \u2013 cos\u00ec Mario Monti nel 2011 definiva la Grecia, all\u2019epoca gi\u00e0 colpita da una grave crisi economica e sottoposta a programmi di austerit\u00e0 che non davano segni di efficacia. Un gruppo di giovani italiani partono in Grecia nel 2014 per documentare lo stato economico\/sociale di un paese in crisi.<\/p>\n\n\n\n<p><strong>Parte 2:<\/strong>&nbsp;Presentazione del libro&nbsp;<strong>\u201cColpo di Stato\u201d<\/strong>&nbsp;con l\u2019autore&nbsp;<strong>Franco Fracassi<\/strong>. I campioni dell\u2019austerit\u00e0 stanno applicando alla lettera le teorie del neoliberismo su un paese sviluppato. Fino al 2060 Atene sar\u00e0 sotto amministrazione controllata da parte della Troika. Tutto ci\u00f2 \u00e8 stato possibile grazie a un vero e proprio colpo di Stato ordito in un giorno di mezza estate. Un golpe moderno. Un atto di guerra fatto di minacce militari condite con azioni economiche e finanziarie, oltre che un\u2019imponente offensiva mediatica.<\/p>\n","protected":false},"excerpt":{"rendered":"<p>Entrata 10fr, direttamente al botteghino o online. A Riveder Le Stelle propone un evento in due parti per discutere della crisi economica e sociale in Grecia la sua possibile replica in Italia. Com\u2019\u00e8 avvenuta e com\u2019\u00e8 stata gestita? Parte 1:&nbsp;Proiezione&#8230;<\/p>\n","protected":false},"author":1,"featured_media":3238,"comment_status":"open","ping_status":"closed","template":"","meta":{"_monsterinsights_skip_tracking":false,"_monsterinsights_sitenote_active":false,"_monsterinsights_sitenote_note":"","_monsterinsights_sitenote_category":0,"footnotes":""},"eventcat":[143,45],"organizer":[70],"event_tags":[],"location":[72],"class_list":["post-3237","event","type-event","status-publish","has-post-thumbnail","hentry","eventcat-movie","eventcat-conference","organizer-arls","location-geneva"],"jetpack_sharing_enabled":true,"_links":{"self":[{"href":"https:\/\/arivederlestelle.org\/index.php\/wp-json\/wp\/v2\/event\/3237","targetHints":{"allow":["GET"]}}],"collection":[{"href":"https:\/\/arivederlestelle.org\/index.php\/wp-json\/wp\/v2\/event"}],"about":[{"href":"https:\/\/arivederlestelle.org\/index.php\/wp-json\/wp\/v2\/types\/event"}],"author":[{"embeddable":true,"href":"https:\/\/arivederlestelle.org\/index.php\/wp-json\/wp\/v2\/users\/1"}],"replies":[{"embeddable":true,"href":"https:\/\/arivederlestelle.org\/index.php\/wp-json\/wp\/v2\/comments?post=3237"}],"version-history":[{"count":2,"href":"https:\/\/arivederlestelle.org\/index.php\/wp-json\/wp\/v2\/event\/3237\/revisions"}],"predecessor-version":[{"id":3264,"href":"https:\/\/arivederlestelle.org\/index.php\/wp-json\/wp\/v2\/event\/3237\/revisions\/3264"}],"wp:featuredmedia":[{"embeddable":true,"href":"https:\/\/arivederlestelle.org\/index.php\/wp-json\/wp\/v2\/media\/3238"}],"wp:attachment":[{"href":"https:\/\/arivederlestelle.org\/index.php\/wp-json\/wp\/v2\/media?parent=3237"}],"wp:term":[{"taxonomy":"eventcat","embeddable":true,"href":"https:\/\/arivederlestelle.org\/index.php\/wp-json\/wp\/v2\/eventcat?post=3237"},{"taxonomy":"organizer","embeddable":true,"href":"https:\/\/arivederlestelle.org\/index.php\/wp-json\/wp\/v2\/organizer?post=3237"},{"taxonomy":"event_tags","embeddable":true,"href":"https:\/\/arivederlestelle.org\/index.php\/wp-json\/wp\/v2\/event_tags?post=3237"},{"taxonomy":"location","embeddable":true,"href":"https:\/\/arivederlestelle.org\/index.php\/wp-json\/wp\/v2\/location?post=3237"}],"curies":[{"name":"wp","href":"https:\/\/api.w.org\/{rel}","templated":true}]}}

<p><strong>Entrata 10fr</strong>, direttamente al botteghino o online.</p>



<p>A Riveder Le Stelle propone un evento in due parti per discutere della crisi economica e sociale in Grecia la sua possibile replica in Italia. Com’è avvenuta e com’è stata gestita?</p>



<p><strong>Parte 1:</strong>&nbsp;Proiezione del documentario&nbsp;<strong>“Il più grande successo dell’Euro”</strong>&nbsp;(durata 1h10) – così Mario Monti nel 2011 definiva la Grecia, all’epoca già colpita da una grave crisi economica e sottoposta a programmi di austerità che non davano segni di efficacia. Un gruppo di giovani italiani partono in Grecia nel 2014 per documentare lo stato economico/sociale di un paese in crisi.</p>



<p><strong>Parte 2:</strong>&nbsp;Presentazione del libro&nbsp;<strong>“Colpo di Stato”</strong>&nbsp;con l’autore&nbsp;<strong>Franco Fracassi</strong>. I campioni dell’austerità stanno applicando alla lettera le teorie del neoliberismo su un paese sviluppato. Fino al 2060 Atene sarà sotto amministrazione controllata da parte della Troika. Tutto ciò è stato possibile grazie a un vero e proprio colpo di Stato ordito in un giorno di mezza estate. Un golpe moderno. Un atto di guerra fatto di minacce militari condite con azioni economiche e finanziarie, oltre che un’imponente offensiva mediatica.</p>

<p>Entrata 10fr, direttamente al botteghino o online. A Riveder Le Stelle propone un evento in due parti per discutere della crisi economica e sociale in Grecia la sua possibile replica in Italia. Com’è avvenuta e com’è stata gestita? Parte 1:&nbsp;Proiezione&#8230;</p>
